4.
79
What is the remainder when 4768 is divided by 43?
38
What is the remainder when 1354 is divided by 29?
20
Calculate the remainder when 305 is divided by 11.
8
Calculate the remainder when 234 is divided by 45.
9
Calculate the remainder when 259 is divided by 86.
1
What is the remainder when 80255 is divided by 132?
131
What is the remainder when 197 is divided by 50?
47
Calculate the remainder when 339 is divided by 89.
72
Calculate the remainder when 742 is divided by 149.
146
What is the remainder when 206 is divided by 63?
17
What is the remainder when 184 is divided by 51?
31
What is the remainder when 18 is divided by 8?
2
What is the remainder when 354 is divided by 142?
70
What is the remainder when 764 is divided by 254?
2
Calculate the remainder when 106 is divided by 30.
16
Calculate the remainder when 459 is divided by 82.
49
What is the remainder when 476 is divided by 45?
26
Calculate the remainder when 475 is divided by 53.
51
What is the remainder when 1061 is divided by 242?
93
Calculate the remainder when 487 is divided by 46.
27
Calculate the remainder when 79 is divided by 34.
11
What is the remainder when 436 is divided by 28?
16
Calculate the remainder when 6335 is divided by 2107.
14
Calculate the remainder when 620 is divided by 9.
8
Calculate the remainder when 734 is divided by 180.
14
Calculate the remainder when 88 is divided by 2.
0
Calculate the remainder when 75 is divided by 38.
37
Calculate the remainder when 77 is divided by 28.
21
What is the remainder when 3374 is divided by 11?
8
Calculate the remainder when 276 is divided by 143.
133
What is the remainder when 43 is divided by 31?
12
What is the remainder when 22931 is divided by 122?
117
What is the remainder when 1507 is divided by 494?
25
Calculate the remainder when 1524 is divided by 14.
12
What is the remainder when 1562 is divided by 499?
65
What is the remainder when 213 is divided by 69?
6
What is the remainder when 129 is divided by 12?
9
Calculate the remainder when 7947 is divided by 50.
47
Calculate the remainder when 524 is divided by 23.
18
What is the remainder when 231 is divided by 29?
28
Calculate the remainder when 1812 is divided by 205.
172
What is the remainder when 72 is divided by 37?
35
Calculate the remainder when 528 is divided by 63.
24
Calculate the remainder when 3790 is divided by 24.
22
Calculate the remainder when 405 is divided by 28.
13
Calculate the remainder when 297 is divided by 30.
27
Calculate the remainder when 94 is divided by 14.
10
Calculate the remainder when 736 is divided by 680.
56
What is the remainder when 286 is divided by 154?
132
What is the remainder when 352 is divided by 59?
57
What is the remainder when 356 is divided by 66?
26
What is the remainder when 319 is divided by 40?
39
Calculate the remainder when 788 is divided by 18.
14
What is the remainder when 319 is divided by 40?
39
What is the remainder when 2776 is divided by 455?
46
Calculate the remainder when 86 is divided by 46.
40
What is the remainder when 58 is divided by 11?
3
What is the remainder when 888 is divided by 621?
267
Calculate the remainder when 1453 is divided by 104.
101
What is the remainder when 46 is divided by 40?
6
What is the remainder when 3051 is divided by 17?
8
What is the remainder when 23 is divided by 2?
1
Calculate the remainder when 89 is divided by 21.
5
What is the remainder when 66 is divided by 8?
2
Calculate the remainder when 3355 is divided by 7.
2
What is the remainder when 6345 is divided by 138?
135
What is the remainder when 114 is divided by 58?
56
Calculate the remainder when 281 is divided by 6.
5
What is the remainder when 123 is divided by 90?
33
What is the remainder when 408 is divided by 85?
68
What is the remainder when 1234 is divided by 20?
14
What is the remainder when 713 is divided by 13?
11
What is the remainder when 189 is divided by 101?
88
What is the remainder when 24712 is divided by 334?
330
Calculate the remainder when 469 is divided by 112.
21
What is the remainder when 949 is divided by 19?
18
What is the remainder when 1250 is divided by 403?
41
What is the remainder when 352 is divided by 61?
47
Calculate the remainder when 180 is divided by 67.
46
Calculate the remainder when 839 is divided by 170.
159
Calculate the remainder when 179 is divided by 60.
59
Calculate the remainder when 2788 is divided by 5.
3
What is the remainder when 1131 is divided by 54?
51
Calculate the remainder when 369 is divided by 207.
162
What is the remainder when 671 is divided by 68?
59
What is the remainder when 29 is divided by 13?
3
What is the remainder when 106 is divided by 56?
50
Calculate the remainder when 573 is divided by 24.
21
What is the remainder when 63 is divided by 5?
3
Calculate the remainder when 119 is divided by 31.
26
What is the remainder when 57 is divided by 21?
15
Calculate the remainder when 55 is divided by 15.
10
What is the remainder when 247 is divided by 119?
9
What is the remainder when 366 is divided by 31?
25
Calculate the remainder when 209 is divided by 63.
20
Calculate the remainder when 46963 is divided by 101.
99
Calculate the remainder when 76 is divided by 31.
14
Calculate the remainder when 4477 is divided by 20.
17
Calculate the remainder when 41 is divided by 19.
3
Calculate the remainder when 384 is divided by 46.
16
What is the remainder when 188 is divided by 39?
32
Calculate the remainder when 1237 is divided by 20.
17
Calculate the remainder when 149 is divided by 50.
49
What is the remainder when 1355 is divided by 16?
11
What is the remainder when 402 is divided by 15?
12
What is the remainder when 636 is divided by 32?
28
Calculate the remainder when 3655 is divided by 59.
56
What is the remainder when 375 is divided by 29?
27
Calculate the remainder when 197 is divided by 40.
37
Calculate the remainder when 3297 is divided by 132.
129
What is the remainder when 14949 is divided by 267?
264
What is the remainder when 1560 is divided by 66?
42
Calculate the remainder when 43 is divided by 12.
7
What is the remainder when 506 is divided by 65?
51
What is the remainder when 79 is divided by 4?
3
What is the remainder when 2171 is divided by 15?
11
Calculate the remainder when 1004 is divided by 201.
200
What is the remainder when 369 is divided by 129?
111
Calculate the remainder when 12221 is divided by 3052.
13
What is the remainder when 47 is divided by 14?
5
Calculate the remainder when 277 is divided by 70.
67
What is the remainder when 661 is divided by 23?
17
What is the remainder when 2135 is divided by 69?
65
What is the remainder when 137 is divided by 48?
41
Calculate the remainder when 5889 is divided by 226.
13
Calculate the remainder when 393 is divided by 23.
2
What is the remainder when 93 is divided by 51?
42
What is the remainder when 13774 is divided by 164?
162
Calculate the remainder when 958 is divided by 60.
58
What is the remainder when 3666 is divided by 19?
18
What is the remainder when 425 is divided by 101?
21
What is the remainder when 36 is divided by 30?
6
Calculate the remainder when 64 is divided by 22.
20
Calculate the remainder when 375 is divided by 190.
185
What is the remainder when 298 is divided by 19?
13
What is the remainder when 211 is divided by 49?
15
Calculate the remainder when 10736 is divided by 13.
11
What is the remainder when 25 is divided by 7?
4
What is the remainder when 1888 is divided by 90?
88
Calculate the remainder when 435 is divided by 40.
35
Calculate the remainder when 563 is divided by 51.
2
What is the remainder when 4948 is divided by 9?
7
Calculate the remainder when 37 is divided by 37.
0
Calculate the remainder when 1950 is divided by 968.
14
What is the remainder when 328 is divided by 22?
20
What is the remainder when 445 is divided by 16?
13
Calculate the remainder when 21612 is divided by 48.
12
Calculate the remainder when 75 is divided by 31.
13
What is the remainder when 13803 is divided by 118?
115
What is the remainder when 490 is divided by 73?
52
What is the remainder when 649 is divided by 47?
38
Calculate the remainder when 361 is divided by 28.
25
What is the remainder when 164 is divided by 95?
69
Calculate the remainder when 29 is divided by 29.
0
W